48?
35
What is the remainder when 17702 is divided by 672?
230
Calculate the remainder when 13667 is divided by 54.
5
Calculate the remainder when 81967 is divided by 27300.
67
What is the remainder when 7586797 is divided by 11?
9
Calculate the remainder when 28299 is divided by 298.
287
Calculate the remainder when 13319 is divided by 5.
4
Calculate the remainder when 2498 is divided by 59.
20
Calculate the remainder when 1513 is divided by 509.
495
Calculate the remainder when 43156 is divided by 4310.
56
Calculate the remainder when 3142 is divided by 875.
517
Calculate the remainder when 17664 is divided by 1282.
998
What is the remainder when 8512 is divided by 1142?
518
What is the remainder when 2824 is divided by 135?
124
What is the remainder when 1160 is divided by 109?
70
What is the remainder when 8958 is divided by 256?
254
Calculate the remainder when 8912 is divided by 2228.
0
What is the remainder when 2104599 is divided by 20?
19
What is the remainder when 12167 is divided by 2429?
22
What is the remainder when 1087752 is divided by 178?
172
What is the remainder when 2844599 is divided by 88?
87
Calculate the remainder when 29302 is divided by 1726.
1686
Calculate the remainder when 11253 is divided by 139.
133
What is the remainder when 330 is divided by 9?
6
Calculate the remainder when 2626667 is divided by 22.
21
What is the remainder when 5243 is divided by 520?
43
Calculate the remainder when 4775 is divided by 1657.
1461
What is the remainder when 73452 is divided by 272?
12
What is the remainder when 8629 is divided by 279?
259
Calculate the remainder when 7813 is divided by 92.
85
What is the remainder when 31739 is divided by 15848?
43
What is the remainder when 288460 is divided by 131?
129
What is the remainder when 78884 is divided by 3?
2
What is the remainder when 6185213 is divided by 128?
125
Calculate the remainder when 1424 is divided by 144.
128
What is the remainder when 4891 is divided by 1841?
1209
Calculate the remainder when 64302 is divided by 18.
6
What is the remainder when 152403 is divided by 416?
147
Calculate the remainder when 95083 is divided by 13583.
2
Calculate the remainder when 236415 is divided by 273.
270
Calculate the remainder when 1862 is divided by 209.
190
Calculate the remainder when 3455 is divided by 203.
4
What is the remainder when 1618 is divided by 337?
270
What is the remainder when 28002 is divided by 2017?
1781
Calculate the remainder when 554379 is divided by 16.
11
Calculate the remainder when 2407100 is divided by 32.
28
What is the remainder when 90465 is divided by 21?
18
What is the remainder when 6098 is divided by 5792?
306
Calculate the remainder when 28176 is divided by 101.
98
Calculate the remainder when 16108 is divided by 16089.
19
Calculate the remainder when 538133 is divided by 52.
37
What is the remainder when 1691 is divided by 1249?
442
What is the remainder when 328650 is divided by 1565?
0
What is the remainder when 1838 is divided by 73?
13
What is the remainder when 3007 is divided by 1039?
929
What is the remainder when 20691 is divided by 43?
8
What is the remainder when 3528 is divided by 763?
476
Calculate the remainder when 917 is divided by 222.
29
Calculate the remainder when 1582 is divided by 935.
647
What is the remainder when 871 is divided by 423?
25
Calculate the remainder when 18480 is divided by 98.
56
Calculate the remainder when 3770 is divided by 11.
8
What is the remainder when 209100 is divided by 42?
24
What is the remainder when 7400 is divided by 123?
20
What is the remainder when 1708 is divided by 724?
260
What is the remainder when 242428 is divided by 128?
124
Calculate the remainder when 699 is divided by 89.
76
What is the remainder when 4977 is divided by 97?
30
Calculate the remainder when 12240 is divided by 2040.
0
What is the remainder when 7024654 is divided by 16?
14
Calculate the remainder when 25677 is divided by 25656.
21
What is the remainder when 17627 is divided by 5872?
11
Calculate the remainder when 9917 is divided by 121.
116
What is the remainder when 806824 is divided by 25?
24
Calculate the remainder when 125373 is divided by 96.
93
What is the remainder when 41761 is divided by 949?
5
Calculate the remainder when 216011 is divided by 71987.
50
What is the remainder when 752 is divided by 65?
37
What is the remainder when 326698 is divided by 181?
174
Calculate the remainder when 30537 is divided by 275.
12
Calculate the remainder when 146183 is divided by 39.
11
What is the remainder when 24007 is divided by 465?
292
What is the remainder when 223766 is divided by 30?
26
What is the remainder when 97382 is divided by 17?
6
Calculate the remainder when 42063 is divided by 1357.
1353
Calculate the remainder when 1185496 is divided by 932.
924
What is the remainder when 8443 is divided by 4039?
365
Calculate the remainder when 428323 is divided by 13.
12
What is the remainder when 9382 is divided by 9354?
28
What is the remainder when 53 is divided by 7?
4
What is the remainder when 414 is divided by 14?
8
Calculate the remainder when 18112 is divided by 1642.
50
Calculate the remainder when 64652 is divided by 24.
20
Calculate the remainder when 744893 is divided by 19.
17
What is the remainder when 33999 is divided by 33?
9
Calculate the remainder when 7951 is divided by 18.
13
Calculate the remainder when 1274 is divided by 302.
66
What is the remainder when 40595 is divided by 20256?
83
Calculate the remainder when 40055 is divided by 4985.
175
What is the remainder when 122 is divided by 38?
8
What is the remainder when 84105 is divided by 652?
649
Calculate the remainder when 310111 is divided by 155055.
1
Calculate the remainder when 160551 is divided by 102.
3
Calculate the remainder when 625869 is divided by 442.
439
Calculate the remainder when 5818 is divided by 758.
512
Calculate the remainder when 332735 is divided by 9786.
11
What is the remainder when 838035 is divided by 34917?
27
What is the remainder when 23430 is divided by 570?
60
What is the remainder when 255217 is divided by 525?
67
Calculate the remainder when 78751 is divided by 406.
393
What is the remainder when 1650 is divided by 105?
75
What is the remainder when 454460 is divided by 526?
522
What is the remainder when 221850 is divided by 37?
35
What is the remainder when 25570 is divided by 716?
510
What is the remainder when 1645 is divided by 5?
0
What is the remainder when 4384 is divided by 60?
4
Calculate the remainder when 142598 is divided by 23.
21
What is the remainder when 2321 is divided by 1056?
209
Calculate the remainder when 1956309 is divided by 18.
15
Calculate the remainder when 1704823 is divided by 317.
314
Calculate the remainder when 16292 is divided by 3256.
12
Calculate the remainder when 13099 is divided by 103.
18
What is the remainder when 210431 is divided by 1349?
1336
Calculate the remainder when 35637 is divided by 728.
693
What is the remainder when 7657 is divided by 1528?
17
Calculate the remainder when 7015 is divided by 60.
55
Calculate the remainder when 33622 is divided by 95.
87
What is the remainder when 37115 is divided by 102?
89
What is the remainder when 909 is divided by 48?
45
Calculate the remainder when 986 is divided by 479.
28
What is the remainder when 882885 is divided by 14?
3
Calculate the remainder when 802 is divided by 296.
210
Calculate the remainder when 6447 is divided by 94.
55
What is the remainder when 42125 is divided by 10528?
13
What is the remainder when 2603 is divided by 1168?
267
Calculate the remainder when 910 is divided by 131.
124
Calculate the remainder when 1769563 is divided by 982.
981
Calculate the remainder when 8772 is divided by 491.
425
Calculate the remainder when 1595 is divided by 1342.
253
Calculate the remainder when 211805 is divided by 32.
29
Calculate the remainder when 39718 is divided by 537.
517
Calculate the remainder when 14091 is divided by 141.
132
What is the remainder when 11248 is divided by 150?
148
What is the remainder when 599417 is divided by 820?
817
Calculate the remainder when 16778 is divided by 87.
74
What is the remainder when 8528 is divided by 2823?
59
Calculate the remainder when 3748 is divided by 76.